{"id":4265,"date":"2017-07-26T16:08:10","date_gmt":"2017-07-26T19:08:10","guid":{"rendered":"http:\/\/www.medialogue.com.br\/?page_id=4265"},"modified":"2017-08-04T11:38:44","modified_gmt":"2017-08-04T14:38:44","slug":"influenciadorespoliticos","status":"publish","type":"page","link":"https:\/\/medialogue.com.br\/novosite\/influenciadorespoliticos\/","title":{"rendered":"Os principais influenciadores pol\u00edticos da web brasileira"},"content":{"rendered":"<div class=\"page\" title=\"Page 5\">\n<div class=\"section\">\n<div class=\"layoutArea\">\n<div class=\"column\">\n<p>O primeiro semestre de 2017 foi movimentado em Bras\u00edlia. Entre a vota\u00e7\u00e3o das reformas no Congresso, o julgamento da chapa Dilma-Temer no TSE e o desenrolar das dela\u00e7\u00f5es da JBS, a discuss\u00e3o pol\u00edtica na internet brasileira alcan\u00e7ou um novo patamar. Para entender melhor esse quadro a Medialogue Digital analisou mais de 700 mil postagens realizadas em\u00a0junho de 2017 por cerca de 115 mil perfis no Twitter. O objetivo foi destacar os perfis ativos na rede social que tiveram a maior influ\u00eancia na discuss\u00e3o pol\u00edtica.<\/p>\n<\/div>\n<\/div>\n<\/div>\n<\/div>\n<p><strong>O que voc\u00ea vai saber baixando o estudo:<\/strong><\/p>\n<p>\u2022\u00a0O ranking dos 102 principais influenciadores pol\u00edticos\u00a0na web<\/p>\n<p>\u2022 Os influenciadores ranqueados por categoria<\/p>\n<p>\u2022 Os destaques entre a m\u00eddia, jornalistas e blogueiros independentes<\/p>\n<p>\u2022 A an\u00e1lise da participa\u00e7\u00e3o de cada grupo na conversa<\/p>\n<p>Para acessar o estudo gratuitamente \u00e9 s\u00f3 preencher o formul\u00e1rio.<\/p>\n","protected":false},"excerpt":{"rendered":"<p>O primeiro semestre de 2017 foi movimentado em Bras\u00edlia. Entre a vota\u00e7\u00e3o das reformas no Congresso, o julgamento da chapa Dilma-Temer no TSE e o desenrolar das dela\u00e7\u00f5es da JBS, a discuss\u00e3o pol\u00edtica na internet brasileira alcan\u00e7ou um novo patamar. Para entender melhor esse quadro a Medialogue Digital analisou mais de 700 mil postagens realizadas em\u00a0junho de 2017 por cerca de 115 mil perfis no Twitter. O objetivo foi destacar os perfis ativos na rede social que tiveram a maior influ\u00eancia na discuss\u00e3o pol\u00edtica. O que voc\u00ea vai saber baixando o estudo: \u2022\u00a0O ranking dos 102 principais influenciadores pol\u00edticos\u00a0na web&#8230;<\/p>\n","protected":false},"author":4,"featured_media":0,"parent":0,"menu_order":0,"comment_status":"closed","ping_status":"closed","template":"pages\/template_landing.php","meta":{"_acf_changed":false,"footnotes":""},"class_list":["post-4265","page","type-page","status-publish","hentry"],"acf":[],"yoast_head":"<!-- This site is optimized with the Yoast SEO plugin v24.2 - https:\/\/yoast.com\/wordpress\/plugins\/seo\/ -->\n<title>Os principais influenciadores pol\u00edticos da web brasileira | Medialogue<\/title>\n<meta name=\"description\" content=\"A Medialogue analisou 700 mil tu\u00edtes para destacar os influenciadores na rede social que tiveram a maior influ\u00eancia na discuss\u00e3o pol\u00edtica. Veja o ranking.\" \/>\n<meta name=\"robots\" content=\"index, follow, max-snippet:-1, max-image-preview:large, max-video-preview:-1\" \/>\n<link rel=\"canonical\" href=\"https:\/\/medialogue.com.br\/novosite\/influenciadorespoliticos\/\" \/>\n<meta property=\"og:locale\" content=\"pt_BR\" \/>\n<meta property=\"og:type\" content=\"article\" \/>\n<meta property=\"og:title\" content=\"Os principais influenciadores pol\u00edticos da web brasileira | Medialogue\" \/>\n<meta property=\"og:description\" content=\"A Medialogue analisou 700 mil tu\u00edtes para destacar os influenciadores na rede social que tiveram a maior influ\u00eancia na discuss\u00e3o pol\u00edtica. Veja o ranking.\" \/>\n<meta property=\"og:url\" content=\"https:\/\/medialogue.com.br\/novosite\/influenciadorespoliticos\/\" \/>\n<meta property=\"og:site_name\" content=\"Medialogue\" \/>\n<meta property=\"article:publisher\" content=\"http:\/\/www.facebook.com\/Medialogue\" \/>\n<meta property=\"article:modified_time\" content=\"2017-08-04T14:38:44+00:00\" \/>\n<meta property=\"og:image\" content=\"https:\/\/www.medialogue.com.br\/novosite\/wp-content\/uploads\/2017\/07\/Capa-Principais-influenciadores-pol\u00edticos-da-web-brasileira-Medialogue-Digital.png\" \/>\n<meta name=\"twitter:card\" content=\"summary_large_image\" \/>\n<meta name=\"twitter:site\" content=\"@Medialoguebr\" \/>\n<meta name=\"twitter:label1\" content=\"Est. tempo de leitura\" \/>\n\t<meta name=\"twitter:data1\" content=\"1 minuto\" \/>\n<script type=\"application\/ld+json\" class=\"yoast-schema-graph\">{\"@context\":\"https:\/\/schema.org\",\"@graph\":[{\"@type\":\"WebPage\",\"@id\":\"https:\/\/medialogue.com.br\/novosite\/influenciadorespoliticos\/\",\"url\":\"https:\/\/medialogue.com.br\/novosite\/influenciadorespoliticos\/\",\"name\":\"Os principais influenciadores pol\u00edticos da web brasileira | Medialogue\",\"isPartOf\":{\"@id\":\"https:\/\/medialogue.com.br\/novosite\/#website\"},\"datePublished\":\"2017-07-26T19:08:10+00:00\",\"dateModified\":\"2017-08-04T14:38:44+00:00\",\"description\":\"A Medialogue analisou 700 mil tu\u00edtes para destacar os influenciadores na rede social que tiveram a maior influ\u00eancia na discuss\u00e3o pol\u00edtica. Veja o ranking.\",\"breadcrumb\":{\"@id\":\"https:\/\/medialogue.com.br\/novosite\/influenciadorespoliticos\/#breadcrumb\"},\"inLanguage\":\"pt-BR\",\"potentialAction\":[{\"@type\":\"ReadAction\",\"target\":[\"https:\/\/medialogue.com.br\/novosite\/influenciadorespoliticos\/\"]}]},{\"@type\":\"BreadcrumbList\",\"@id\":\"https:\/\/medialogue.com.br\/novosite\/influenciadorespoliticos\/#breadcrumb\",\"itemListElement\":[{\"@type\":\"ListItem\",\"position\":1,\"name\":\"In\u00edcio\",\"item\":\"https:\/\/medialogue.com.br\/novosite\/\"},{\"@type\":\"ListItem\",\"position\":2,\"name\":\"Os principais influenciadores pol\u00edticos da web brasileira\"}]},{\"@type\":\"WebSite\",\"@id\":\"https:\/\/medialogue.com.br\/novosite\/#website\",\"url\":\"https:\/\/medialogue.com.br\/novosite\/\",\"name\":\"Medialogue\",\"description\":\"Comunica\u00e7\u00e3o digital\",\"publisher\":{\"@id\":\"https:\/\/medialogue.com.br\/novosite\/#organization\"},\"potentialAction\":[{\"@type\":\"SearchAction\",\"target\":{\"@type\":\"EntryPoint\",\"urlTemplate\":\"https:\/\/medialogue.com.br\/novosite\/?s={search_term_string}\"},\"query-input\":{\"@type\":\"PropertyValueSpecification\",\"valueRequired\":true,\"valueName\":\"search_term_string\"}}],\"inLanguage\":\"pt-BR\"},{\"@type\":\"Organization\",\"@id\":\"https:\/\/medialogue.com.br\/novosite\/#organization\",\"name\":\"Medialogue\",\"url\":\"https:\/\/medialogue.com.br\/novosite\/\",\"logo\":{\"@type\":\"ImageObject\",\"inLanguage\":\"pt-BR\",\"@id\":\"https:\/\/medialogue.com.br\/novosite\/#\/schema\/logo\/image\/\",\"url\":\"https:\/\/www.medialogue.com.br\/novosite\/wp-content\/uploads\/2015\/06\/medialogue_logo_fundopretoRGB_medio.jpg\",\"contentUrl\":\"https:\/\/www.medialogue.com.br\/novosite\/wp-content\/uploads\/2015\/06\/medialogue_logo_fundopretoRGB_medio.jpg\",\"width\":450,\"height\":88,\"caption\":\"Medialogue\"},\"image\":{\"@id\":\"https:\/\/medialogue.com.br\/novosite\/#\/schema\/logo\/image\/\"},\"sameAs\":[\"http:\/\/www.facebook.com\/Medialogue\",\"https:\/\/x.com\/Medialoguebr\",\"http:\/\/www.linkedin.com\/company\/medialogue\",\"https:\/\/www.youtube.com\/user\/Medialoguebr\"]}]}<\/script>\n<!-- \/ Yoast SEO plugin. -->","yoast_head_json":{"title":"Os principais influenciadores pol\u00edticos da web brasileira | Medialogue","description":"A Medialogue analisou 700 mil tu\u00edtes para destacar os influenciadores na rede social que tiveram a maior influ\u00eancia na discuss\u00e3o pol\u00edtica. Veja o ranking.","robots":{"index":"index","follow":"follow","max-snippet":"max-snippet:-1","max-image-preview":"max-image-preview:large","max-video-preview":"max-video-preview:-1"},"canonical":"https:\/\/medialogue.com.br\/novosite\/influenciadorespoliticos\/","og_locale":"pt_BR","og_type":"article","og_title":"Os principais influenciadores pol\u00edticos da web brasileira | Medialogue","og_description":"A Medialogue analisou 700 mil tu\u00edtes para destacar os influenciadores na rede social que tiveram a maior influ\u00eancia na discuss\u00e3o pol\u00edtica. Veja o ranking.","og_url":"https:\/\/medialogue.com.br\/novosite\/influenciadorespoliticos\/","og_site_name":"Medialogue","article_publisher":"http:\/\/www.facebook.com\/Medialogue","article_modified_time":"2017-08-04T14:38:44+00:00","og_image":[{"url":"https:\/\/www.medialogue.com.br\/novosite\/wp-content\/uploads\/2017\/07\/Capa-Principais-influenciadores-pol\u00edticos-da-web-brasileira-Medialogue-Digital.png","type":"","width":"","height":""}],"twitter_card":"summary_large_image","twitter_site":"@Medialoguebr","twitter_misc":{"Est. tempo de leitura":"1 minuto"},"schema":{"@context":"https:\/\/schema.org","@graph":[{"@type":"WebPage","@id":"https:\/\/medialogue.com.br\/novosite\/influenciadorespoliticos\/","url":"https:\/\/medialogue.com.br\/novosite\/influenciadorespoliticos\/","name":"Os principais influenciadores pol\u00edticos da web brasileira | Medialogue","isPartOf":{"@id":"https:\/\/medialogue.com.br\/novosite\/#website"},"datePublished":"2017-07-26T19:08:10+00:00","dateModified":"2017-08-04T14:38:44+00:00","description":"A Medialogue analisou 700 mil tu\u00edtes para destacar os influenciadores na rede social que tiveram a maior influ\u00eancia na discuss\u00e3o pol\u00edtica. Veja o ranking.","breadcrumb":{"@id":"https:\/\/medialogue.com.br\/novosite\/influenciadorespoliticos\/#breadcrumb"},"inLanguage":"pt-BR","potentialAction":[{"@type":"ReadAction","target":["https:\/\/medialogue.com.br\/novosite\/influenciadorespoliticos\/"]}]},{"@type":"BreadcrumbList","@id":"https:\/\/medialogue.com.br\/novosite\/influenciadorespoliticos\/#breadcrumb","itemListElement":[{"@type":"ListItem","position":1,"name":"In\u00edcio","item":"https:\/\/medialogue.com.br\/novosite\/"},{"@type":"ListItem","position":2,"name":"Os principais influenciadores pol\u00edticos da web brasileira"}]},{"@type":"WebSite","@id":"https:\/\/medialogue.com.br\/novosite\/#website","url":"https:\/\/medialogue.com.br\/novosite\/","name":"Medialogue","description":"Comunica\u00e7\u00e3o digital","publisher":{"@id":"https:\/\/medialogue.com.br\/novosite\/#organization"},"potentialAction":[{"@type":"SearchAction","target":{"@type":"EntryPoint","urlTemplate":"https:\/\/medialogue.com.br\/novosite\/?s={search_term_string}"},"query-input":{"@type":"PropertyValueSpecification","valueRequired":true,"valueName":"search_term_string"}}],"inLanguage":"pt-BR"},{"@type":"Organization","@id":"https:\/\/medialogue.com.br\/novosite\/#organization","name":"Medialogue","url":"https:\/\/medialogue.com.br\/novosite\/","logo":{"@type":"ImageObject","inLanguage":"pt-BR","@id":"https:\/\/medialogue.com.br\/novosite\/#\/schema\/logo\/image\/","url":"https:\/\/www.medialogue.com.br\/novosite\/wp-content\/uploads\/2015\/06\/medialogue_logo_fundopretoRGB_medio.jpg","contentUrl":"https:\/\/www.medialogue.com.br\/novosite\/wp-content\/uploads\/2015\/06\/medialogue_logo_fundopretoRGB_medio.jpg","width":450,"height":88,"caption":"Medialogue"},"image":{"@id":"https:\/\/medialogue.com.br\/novosite\/#\/schema\/logo\/image\/"},"sameAs":["http:\/\/www.facebook.com\/Medialogue","https:\/\/x.com\/Medialoguebr","http:\/\/www.linkedin.com\/company\/medialogue","https:\/\/www.youtube.com\/user\/Medialoguebr"]}]}},"wps_subtitle":"","_links":{"self":[{"href":"https:\/\/medialogue.com.br\/novosite\/wp-json\/wp\/v2\/pages\/4265","targetHints":{"allow":["GET"]}}],"collection":[{"href":"https:\/\/medialogue.com.br\/novosite\/wp-json\/wp\/v2\/pages"}],"about":[{"href":"https:\/\/medialogue.com.br\/novosite\/wp-json\/wp\/v2\/types\/page"}],"author":[{"embeddable":true,"href":"https:\/\/medialogue.com.br\/novosite\/wp-json\/wp\/v2\/users\/4"}],"replies":[{"embeddable":true,"href":"https:\/\/medialogue.com.br\/novosite\/wp-json\/wp\/v2\/comments?post=4265"}],"version-history":[{"count":0,"href":"https:\/\/medialogue.com.br\/novosite\/wp-json\/wp\/v2\/pages\/4265\/revisions"}],"wp:attachment":[{"href":"https:\/\/medialogue.com.br\/novosite\/wp-json\/wp\/v2\/media?parent=4265"}],"curies":[{"name":"wp","href":"https:\/\/api.w.org\/{rel}","templated":true}]}}