{"id":4049,"date":"2016-11-07T11:40:10","date_gmt":"2016-11-07T14:40:10","guid":{"rendered":"http:\/\/www.medialogue.com.br\/?page_id=4049"},"modified":"2016-11-10T14:27:19","modified_gmt":"2016-11-10T17:27:19","slug":"congressonasredessociais","status":"publish","type":"page","link":"https:\/\/medialogue.com.br\/novosite\/congressonasredessociais\/","title":{"rendered":"Raio-X do Congresso nas redes sociais"},"content":{"rendered":"<div class=\"entry-content\">\n<p>O Facebook \u00e9 o canal de comunica\u00e7\u00e3o online mais importante entre o Congresso Nacional e os eleitores brasileiros: 98% dos\u00a0Senadores e Deputados est\u00e3o\u00a0na rede. No outra ponta, os websites perderam relev\u00e2ncia nos \u00faltimos anos e hoje s\u00f3 68% dos parlamentares tem um no ar. Essas s\u00e3o algumas das conclus\u00f5es do estudo\u00a0Raio-X do Congresso nas Redes Sociais da Medialogue.<\/p>\n<p><strong>O que voc\u00ea vai saber\u00a0baixando o estudo:<\/strong><\/p>\n<p>\u2022 Como os congressistas se comunicam nas\u00a0redes sociais<\/p>\n<p>\u2022 As estrat\u00e9gias dos parlamentares mais influentes na internet<\/p>\n<p>\u2022 Os partidos com maior audi\u00eancia na web<\/p>\n<p>\u2022 Quais s\u00e3o os canais sociais mais populares entre os pol\u00edticos<\/p>\n<p>Para acessar o estudo \u00e9 s\u00f3 preencher o formul\u00e1rio ao lado.<\/p>\n<\/div>\n","protected":false},"excerpt":{"rendered":"<p>O Facebook \u00e9 o canal de comunica\u00e7\u00e3o online mais importante entre o Congresso Nacional e os eleitores brasileiros: 98% dos\u00a0Senadores e Deputados est\u00e3o\u00a0na rede. No outra ponta, os websites perderam relev\u00e2ncia nos \u00faltimos anos e hoje s\u00f3 68% dos parlamentares tem um no ar. Essas s\u00e3o algumas das conclus\u00f5es do estudo\u00a0Raio-X do Congresso nas Redes Sociais da Medialogue. O que voc\u00ea vai saber\u00a0baixando o estudo: \u2022 Como os congressistas se comunicam nas\u00a0redes sociais \u2022 As estrat\u00e9gias dos parlamentares mais influentes na internet \u2022 Os partidos com maior audi\u00eancia na web \u2022 Quais s\u00e3o os canais sociais mais populares entre os&#8230;<\/p>\n","protected":false},"author":4,"featured_media":0,"parent":0,"menu_order":0,"comment_status":"closed","ping_status":"closed","template":"pages\/template_landing.php","meta":{"_acf_changed":false,"footnotes":""},"class_list":["post-4049","page","type-page","status-publish","hentry"],"acf":[],"yoast_head":"<!-- This site is optimized with the Yoast SEO plugin v24.2 - https:\/\/yoast.com\/wordpress\/plugins\/seo\/ -->\n<title>Raio-X do Congresso nas redes sociais | Medialogue<\/title>\n<meta name=\"description\" content=\"Baixe o estudo Raio-X do Congresso nas Redes Sociais da Medialogue Digital e descubra as estrat\u00e9gias dos Senadores e Deputados mais influentes da internet.\" \/>\n<meta name=\"robots\" content=\"index, follow, max-snippet:-1, max-image-preview:large, max-video-preview:-1\" \/>\n<link rel=\"canonical\" href=\"https:\/\/medialogue.com.br\/novosite\/congressonasredessociais\/\" \/>\n<meta property=\"og:locale\" content=\"pt_BR\" \/>\n<meta property=\"og:type\" content=\"article\" \/>\n<meta property=\"og:title\" content=\"Raio-X do Congresso nas redes sociais | Medialogue\" \/>\n<meta property=\"og:description\" content=\"Baixe o estudo Raio-X do Congresso nas Redes Sociais da Medialogue Digital e descubra as estrat\u00e9gias dos Senadores e Deputados mais influentes da internet.\" \/>\n<meta property=\"og:url\" content=\"https:\/\/medialogue.com.br\/novosite\/congressonasredessociais\/\" \/>\n<meta property=\"og:site_name\" content=\"Medialogue\" \/>\n<meta property=\"article:publisher\" content=\"http:\/\/www.facebook.com\/Medialogue\" \/>\n<meta property=\"article:modified_time\" content=\"2016-11-10T17:27:19+00:00\" \/>\n<meta property=\"og:image\" content=\"https:\/\/www.medialogue.com.br\/novosite\/wp-content\/uploads\/2016\/11\/Medialogue-Facebook.png\" \/>\n<meta name=\"twitter:card\" content=\"summary_large_image\" \/>\n<meta name=\"twitter:image\" content=\"https:\/\/www.medialogue.com.br\/novosite\/wp-content\/uploads\/2016\/11\/Medialogue-Twitter.png\" \/>\n<meta name=\"twitter:site\" content=\"@Medialoguebr\" \/>\n<meta name=\"twitter:label1\" content=\"Est. tempo de leitura\" \/>\n\t<meta name=\"twitter:data1\" content=\"1 minuto\" \/>\n<script type=\"application\/ld+json\" class=\"yoast-schema-graph\">{\"@context\":\"https:\/\/schema.org\",\"@graph\":[{\"@type\":\"WebPage\",\"@id\":\"https:\/\/medialogue.com.br\/novosite\/congressonasredessociais\/\",\"url\":\"https:\/\/medialogue.com.br\/novosite\/congressonasredessociais\/\",\"name\":\"Raio-X do Congresso nas redes sociais | Medialogue\",\"isPartOf\":{\"@id\":\"https:\/\/medialogue.com.br\/novosite\/#website\"},\"datePublished\":\"2016-11-07T14:40:10+00:00\",\"dateModified\":\"2016-11-10T17:27:19+00:00\",\"description\":\"Baixe o estudo Raio-X do Congresso nas Redes Sociais da Medialogue Digital e descubra as estrat\u00e9gias dos Senadores e Deputados mais influentes da internet.\",\"breadcrumb\":{\"@id\":\"https:\/\/medialogue.com.br\/novosite\/congressonasredessociais\/#breadcrumb\"},\"inLanguage\":\"pt-BR\",\"potentialAction\":[{\"@type\":\"ReadAction\",\"target\":[\"https:\/\/medialogue.com.br\/novosite\/congressonasredessociais\/\"]}]},{\"@type\":\"BreadcrumbList\",\"@id\":\"https:\/\/medialogue.com.br\/novosite\/congressonasredessociais\/#breadcrumb\",\"itemListElement\":[{\"@type\":\"ListItem\",\"position\":1,\"name\":\"In\u00edcio\",\"item\":\"https:\/\/medialogue.com.br\/novosite\/\"},{\"@type\":\"ListItem\",\"position\":2,\"name\":\"Raio-X do Congresso nas redes sociais\"}]},{\"@type\":\"WebSite\",\"@id\":\"https:\/\/medialogue.com.br\/novosite\/#website\",\"url\":\"https:\/\/medialogue.com.br\/novosite\/\",\"name\":\"Medialogue\",\"description\":\"Comunica\u00e7\u00e3o digital\",\"publisher\":{\"@id\":\"https:\/\/medialogue.com.br\/novosite\/#organization\"},\"potentialAction\":[{\"@type\":\"SearchAction\",\"target\":{\"@type\":\"EntryPoint\",\"urlTemplate\":\"https:\/\/medialogue.com.br\/novosite\/?s={search_term_string}\"},\"query-input\":{\"@type\":\"PropertyValueSpecification\",\"valueRequired\":true,\"valueName\":\"search_term_string\"}}],\"inLanguage\":\"pt-BR\"},{\"@type\":\"Organization\",\"@id\":\"https:\/\/medialogue.com.br\/novosite\/#organization\",\"name\":\"Medialogue\",\"url\":\"https:\/\/medialogue.com.br\/novosite\/\",\"logo\":{\"@type\":\"ImageObject\",\"inLanguage\":\"pt-BR\",\"@id\":\"https:\/\/medialogue.com.br\/novosite\/#\/schema\/logo\/image\/\",\"url\":\"https:\/\/www.medialogue.com.br\/novosite\/wp-content\/uploads\/2015\/06\/medialogue_logo_fundopretoRGB_medio.jpg\",\"contentUrl\":\"https:\/\/www.medialogue.com.br\/novosite\/wp-content\/uploads\/2015\/06\/medialogue_logo_fundopretoRGB_medio.jpg\",\"width\":450,\"height\":88,\"caption\":\"Medialogue\"},\"image\":{\"@id\":\"https:\/\/medialogue.com.br\/novosite\/#\/schema\/logo\/image\/\"},\"sameAs\":[\"http:\/\/www.facebook.com\/Medialogue\",\"https:\/\/x.com\/Medialoguebr\",\"http:\/\/www.linkedin.com\/company\/medialogue\",\"https:\/\/www.youtube.com\/user\/Medialoguebr\"]}]}<\/script>\n<!-- \/ Yoast SEO plugin. -->","yoast_head_json":{"title":"Raio-X do Congresso nas redes sociais | Medialogue","description":"Baixe o estudo Raio-X do Congresso nas Redes Sociais da Medialogue Digital e descubra as estrat\u00e9gias dos Senadores e Deputados mais influentes da internet.","robots":{"index":"index","follow":"follow","max-snippet":"max-snippet:-1","max-image-preview":"max-image-preview:large","max-video-preview":"max-video-preview:-1"},"canonical":"https:\/\/medialogue.com.br\/novosite\/congressonasredessociais\/","og_locale":"pt_BR","og_type":"article","og_title":"Raio-X do Congresso nas redes sociais | Medialogue","og_description":"Baixe o estudo Raio-X do Congresso nas Redes Sociais da Medialogue Digital e descubra as estrat\u00e9gias dos Senadores e Deputados mais influentes da internet.","og_url":"https:\/\/medialogue.com.br\/novosite\/congressonasredessociais\/","og_site_name":"Medialogue","article_publisher":"http:\/\/www.facebook.com\/Medialogue","article_modified_time":"2016-11-10T17:27:19+00:00","og_image":[{"url":"https:\/\/www.medialogue.com.br\/novosite\/wp-content\/uploads\/2016\/11\/Medialogue-Facebook.png","type":"","width":"","height":""}],"twitter_card":"summary_large_image","twitter_image":"https:\/\/www.medialogue.com.br\/novosite\/wp-content\/uploads\/2016\/11\/Medialogue-Twitter.png","twitter_site":"@Medialoguebr","twitter_misc":{"Est. tempo de leitura":"1 minuto"},"schema":{"@context":"https:\/\/schema.org","@graph":[{"@type":"WebPage","@id":"https:\/\/medialogue.com.br\/novosite\/congressonasredessociais\/","url":"https:\/\/medialogue.com.br\/novosite\/congressonasredessociais\/","name":"Raio-X do Congresso nas redes sociais | Medialogue","isPartOf":{"@id":"https:\/\/medialogue.com.br\/novosite\/#website"},"datePublished":"2016-11-07T14:40:10+00:00","dateModified":"2016-11-10T17:27:19+00:00","description":"Baixe o estudo Raio-X do Congresso nas Redes Sociais da Medialogue Digital e descubra as estrat\u00e9gias dos Senadores e Deputados mais influentes da internet.","breadcrumb":{"@id":"https:\/\/medialogue.com.br\/novosite\/congressonasredessociais\/#breadcrumb"},"inLanguage":"pt-BR","potentialAction":[{"@type":"ReadAction","target":["https:\/\/medialogue.com.br\/novosite\/congressonasredessociais\/"]}]},{"@type":"BreadcrumbList","@id":"https:\/\/medialogue.com.br\/novosite\/congressonasredessociais\/#breadcrumb","itemListElement":[{"@type":"ListItem","position":1,"name":"In\u00edcio","item":"https:\/\/medialogue.com.br\/novosite\/"},{"@type":"ListItem","position":2,"name":"Raio-X do Congresso nas redes sociais"}]},{"@type":"WebSite","@id":"https:\/\/medialogue.com.br\/novosite\/#website","url":"https:\/\/medialogue.com.br\/novosite\/","name":"Medialogue","description":"Comunica\u00e7\u00e3o digital","publisher":{"@id":"https:\/\/medialogue.com.br\/novosite\/#organization"},"potentialAction":[{"@type":"SearchAction","target":{"@type":"EntryPoint","urlTemplate":"https:\/\/medialogue.com.br\/novosite\/?s={search_term_string}"},"query-input":{"@type":"PropertyValueSpecification","valueRequired":true,"valueName":"search_term_string"}}],"inLanguage":"pt-BR"},{"@type":"Organization","@id":"https:\/\/medialogue.com.br\/novosite\/#organization","name":"Medialogue","url":"https:\/\/medialogue.com.br\/novosite\/","logo":{"@type":"ImageObject","inLanguage":"pt-BR","@id":"https:\/\/medialogue.com.br\/novosite\/#\/schema\/logo\/image\/","url":"https:\/\/www.medialogue.com.br\/novosite\/wp-content\/uploads\/2015\/06\/medialogue_logo_fundopretoRGB_medio.jpg","contentUrl":"https:\/\/www.medialogue.com.br\/novosite\/wp-content\/uploads\/2015\/06\/medialogue_logo_fundopretoRGB_medio.jpg","width":450,"height":88,"caption":"Medialogue"},"image":{"@id":"https:\/\/medialogue.com.br\/novosite\/#\/schema\/logo\/image\/"},"sameAs":["http:\/\/www.facebook.com\/Medialogue","https:\/\/x.com\/Medialoguebr","http:\/\/www.linkedin.com\/company\/medialogue","https:\/\/www.youtube.com\/user\/Medialoguebr"]}]}},"wps_subtitle":"","_links":{"self":[{"href":"https:\/\/medialogue.com.br\/novosite\/wp-json\/wp\/v2\/pages\/4049","targetHints":{"allow":["GET"]}}],"collection":[{"href":"https:\/\/medialogue.com.br\/novosite\/wp-json\/wp\/v2\/pages"}],"about":[{"href":"https:\/\/medialogue.com.br\/novosite\/wp-json\/wp\/v2\/types\/page"}],"author":[{"embeddable":true,"href":"https:\/\/medialogue.com.br\/novosite\/wp-json\/wp\/v2\/users\/4"}],"replies":[{"embeddable":true,"href":"https:\/\/medialogue.com.br\/novosite\/wp-json\/wp\/v2\/comments?post=4049"}],"version-history":[{"count":0,"href":"https:\/\/medialogue.com.br\/novosite\/wp-json\/wp\/v2\/pages\/4049\/revisions"}],"wp:attachment":[{"href":"https:\/\/medialogue.com.br\/novosite\/wp-json\/wp\/v2\/media?parent=4049"}],"curies":[{"name":"wp","href":"https:\/\/api.w.org\/{rel}","templated":true}]}}