{"id":4014,"date":"2016-09-27T17:26:08","date_gmt":"2016-09-27T20:26:08","guid":{"rendered":"http:\/\/www.medialogue.com.br\/?page_id=4014"},"modified":"2016-11-10T14:16:54","modified_gmt":"2016-11-10T17:16:54","slug":"politicodigital","status":"publish","type":"page","link":"https:\/\/medialogue.com.br\/novosite\/politicodigital\/","title":{"rendered":"Pesquisa Medialogue Pol\u00edtico Digital"},"content":{"rendered":"<p><span style=\"color: #000000;\">Como os pol\u00edticos brasileiros usam a internet para se comunicar com seus eleitores? E quem faz melhor? As respostas est\u00e3o na Pesquisa Medialogue Pol\u00edtico Digital 2016, o terceiro estudo da Medialogue Digital que avalia a atua\u00e7\u00e3o dos senadores e deputados federais brasileiros nas redes sociais.<\/span><\/p>\n<p><span style=\"color: #000000;\"><strong>O que voc\u00ea vai saber\u00a0baixando o estudo:<\/strong><\/span><\/p>\n<p><span style=\"color: #000000;\">\u2022 O ranking completo dos senadores e deputados influentes na web<\/span><\/p>\n<p><span style=\"color: #000000;\">\u2022 Quem \u00e9 destaque no Facebook, Twitter, Instagram e YouTube<\/span><\/p>\n<p><span style=\"color: #000000;\">\u2022 A compara\u00e7\u00e3o dos parlamentares pr\u00f3 e contra o impeachment<\/span><\/p>\n<p><span style=\"color: #000000;\">\u2022 Os partidos mais influentes e os que deixam a desejar nas redes<\/span><\/p>\n<p><span style=\"color: #000000;\">\u2022 Quem interage e quem ignora o eleitor no Facebook<\/span><\/p>\n<p><span style=\"color: #000000;\">Para ter acesso ao relat\u00f3rio resumido da pesquisa \u00e9 s\u00f3 preencher o formul\u00e1rio ao lado e enviaremos o estudo para o seu e-mail.<\/span><\/p>\n","protected":false},"excerpt":{"rendered":"<p>Como os pol\u00edticos brasileiros usam a internet para se comunicar com seus eleitores? E quem faz melhor? As respostas est\u00e3o na Pesquisa Medialogue Pol\u00edtico Digital 2016, o terceiro estudo da Medialogue Digital que avalia a atua\u00e7\u00e3o dos senadores e deputados federais brasileiros nas redes sociais. O que voc\u00ea vai saber\u00a0baixando o estudo: \u2022 O ranking completo dos senadores e deputados influentes na web \u2022 Quem \u00e9 destaque no Facebook, Twitter, Instagram e YouTube \u2022 A compara\u00e7\u00e3o dos parlamentares pr\u00f3 e contra o impeachment \u2022 Os partidos mais influentes e os que deixam a desejar nas redes \u2022 Quem interage e&#8230;<\/p>\n","protected":false},"author":4,"featured_media":0,"parent":0,"menu_order":0,"comment_status":"closed","ping_status":"closed","template":"pages\/template_landing.php","meta":{"_acf_changed":false,"footnotes":""},"class_list":["post-4014","page","type-page","status-publish","hentry"],"acf":[],"yoast_head":"<!-- This site is optimized with the Yoast SEO plugin v24.2 - https:\/\/yoast.com\/wordpress\/plugins\/seo\/ -->\n<title>Pesquisa Medialogue Pol\u00edtico Digital | Medialogue<\/title>\n<meta name=\"description\" content=\"A Pesquisa Medialogue Pol\u00edtico Digital 2016 \u00e9 o 3\u00ba levantamento produzido pela Medialogue que avalia os Senadores e Deputados brasileiros nas redes sociais.\" \/>\n<meta name=\"robots\" content=\"index, follow, max-snippet:-1, max-image-preview:large, max-video-preview:-1\" \/>\n<link rel=\"canonical\" href=\"https:\/\/medialogue.com.br\/novosite\/politicodigital\/\" \/>\n<meta property=\"og:locale\" content=\"pt_BR\" \/>\n<meta property=\"og:type\" content=\"article\" \/>\n<meta property=\"og:title\" content=\"Pesquisa Medialogue Pol\u00edtico Digital 2016\" \/>\n<meta property=\"og:description\" content=\"A Pesquisa Medialogue Pol\u00edtico Digital 2016 \u00e9 o 3\u00ba levantamento produzido pela Medialogue que avalia os Deputados e Senadores brasileiros nas redes sociais.\" \/>\n<meta property=\"og:url\" content=\"https:\/\/medialogue.com.br\/novosite\/politicodigital\/\" \/>\n<meta property=\"og:site_name\" content=\"Medialogue\" \/>\n<meta property=\"article:publisher\" content=\"http:\/\/www.facebook.com\/Medialogue\" \/>\n<meta property=\"article:modified_time\" content=\"2016-11-10T17:16:54+00:00\" \/>\n<meta property=\"og:image\" content=\"https:\/\/www.medialogue.com.br\/novosite\/wp-content\/uploads\/2016\/09\/DOWNLOAD.png\" \/>\n<meta name=\"twitter:card\" content=\"summary_large_image\" \/>\n<meta name=\"twitter:site\" content=\"@Medialoguebr\" \/>\n<meta name=\"twitter:label1\" content=\"Est. tempo de leitura\" \/>\n\t<meta name=\"twitter:data1\" content=\"1 minuto\" \/>\n<script type=\"application\/ld+json\" class=\"yoast-schema-graph\">{\"@context\":\"https:\/\/schema.org\",\"@graph\":[{\"@type\":\"WebPage\",\"@id\":\"https:\/\/medialogue.com.br\/novosite\/politicodigital\/\",\"url\":\"https:\/\/medialogue.com.br\/novosite\/politicodigital\/\",\"name\":\"Pesquisa Medialogue Pol\u00edtico Digital | Medialogue\",\"isPartOf\":{\"@id\":\"https:\/\/medialogue.com.br\/novosite\/#website\"},\"datePublished\":\"2016-09-27T20:26:08+00:00\",\"dateModified\":\"2016-11-10T17:16:54+00:00\",\"description\":\"A Pesquisa Medialogue Pol\u00edtico Digital 2016 \u00e9 o 3\u00ba levantamento produzido pela Medialogue que avalia os Senadores e Deputados brasileiros nas redes sociais.\",\"breadcrumb\":{\"@id\":\"https:\/\/medialogue.com.br\/novosite\/politicodigital\/#breadcrumb\"},\"inLanguage\":\"pt-BR\",\"potentialAction\":[{\"@type\":\"ReadAction\",\"target\":[\"https:\/\/medialogue.com.br\/novosite\/politicodigital\/\"]}]},{\"@type\":\"BreadcrumbList\",\"@id\":\"https:\/\/medialogue.com.br\/novosite\/politicodigital\/#breadcrumb\",\"itemListElement\":[{\"@type\":\"ListItem\",\"position\":1,\"name\":\"In\u00edcio\",\"item\":\"https:\/\/medialogue.com.br\/novosite\/\"},{\"@type\":\"ListItem\",\"position\":2,\"name\":\"Pesquisa Medialogue Pol\u00edtico Digital\"}]},{\"@type\":\"WebSite\",\"@id\":\"https:\/\/medialogue.com.br\/novosite\/#website\",\"url\":\"https:\/\/medialogue.com.br\/novosite\/\",\"name\":\"Medialogue\",\"description\":\"Comunica\u00e7\u00e3o digital\",\"publisher\":{\"@id\":\"https:\/\/medialogue.com.br\/novosite\/#organization\"},\"potentialAction\":[{\"@type\":\"SearchAction\",\"target\":{\"@type\":\"EntryPoint\",\"urlTemplate\":\"https:\/\/medialogue.com.br\/novosite\/?s={search_term_string}\"},\"query-input\":{\"@type\":\"PropertyValueSpecification\",\"valueRequired\":true,\"valueName\":\"search_term_string\"}}],\"inLanguage\":\"pt-BR\"},{\"@type\":\"Organization\",\"@id\":\"https:\/\/medialogue.com.br\/novosite\/#organization\",\"name\":\"Medialogue\",\"url\":\"https:\/\/medialogue.com.br\/novosite\/\",\"logo\":{\"@type\":\"ImageObject\",\"inLanguage\":\"pt-BR\",\"@id\":\"https:\/\/medialogue.com.br\/novosite\/#\/schema\/logo\/image\/\",\"url\":\"https:\/\/www.medialogue.com.br\/novosite\/wp-content\/uploads\/2015\/06\/medialogue_logo_fundopretoRGB_medio.jpg\",\"contentUrl\":\"https:\/\/www.medialogue.com.br\/novosite\/wp-content\/uploads\/2015\/06\/medialogue_logo_fundopretoRGB_medio.jpg\",\"width\":450,\"height\":88,\"caption\":\"Medialogue\"},\"image\":{\"@id\":\"https:\/\/medialogue.com.br\/novosite\/#\/schema\/logo\/image\/\"},\"sameAs\":[\"http:\/\/www.facebook.com\/Medialogue\",\"https:\/\/x.com\/Medialoguebr\",\"http:\/\/www.linkedin.com\/company\/medialogue\",\"https:\/\/www.youtube.com\/user\/Medialoguebr\"]}]}<\/script>\n<!-- \/ Yoast SEO plugin. -->","yoast_head_json":{"title":"Pesquisa Medialogue Pol\u00edtico Digital | Medialogue","description":"A Pesquisa Medialogue Pol\u00edtico Digital 2016 \u00e9 o 3\u00ba levantamento produzido pela Medialogue que avalia os Senadores e Deputados brasileiros nas redes sociais.","robots":{"index":"index","follow":"follow","max-snippet":"max-snippet:-1","max-image-preview":"max-image-preview:large","max-video-preview":"max-video-preview:-1"},"canonical":"https:\/\/medialogue.com.br\/novosite\/politicodigital\/","og_locale":"pt_BR","og_type":"article","og_title":"Pesquisa Medialogue Pol\u00edtico Digital 2016","og_description":"A Pesquisa Medialogue Pol\u00edtico Digital 2016 \u00e9 o 3\u00ba levantamento produzido pela Medialogue que avalia os Deputados e Senadores brasileiros nas redes sociais.","og_url":"https:\/\/medialogue.com.br\/novosite\/politicodigital\/","og_site_name":"Medialogue","article_publisher":"http:\/\/www.facebook.com\/Medialogue","article_modified_time":"2016-11-10T17:16:54+00:00","og_image":[{"url":"https:\/\/www.medialogue.com.br\/novosite\/wp-content\/uploads\/2016\/09\/DOWNLOAD.png","type":"","width":"","height":""}],"twitter_card":"summary_large_image","twitter_site":"@Medialoguebr","twitter_misc":{"Est. tempo de leitura":"1 minuto"},"schema":{"@context":"https:\/\/schema.org","@graph":[{"@type":"WebPage","@id":"https:\/\/medialogue.com.br\/novosite\/politicodigital\/","url":"https:\/\/medialogue.com.br\/novosite\/politicodigital\/","name":"Pesquisa Medialogue Pol\u00edtico Digital | Medialogue","isPartOf":{"@id":"https:\/\/medialogue.com.br\/novosite\/#website"},"datePublished":"2016-09-27T20:26:08+00:00","dateModified":"2016-11-10T17:16:54+00:00","description":"A Pesquisa Medialogue Pol\u00edtico Digital 2016 \u00e9 o 3\u00ba levantamento produzido pela Medialogue que avalia os Senadores e Deputados brasileiros nas redes sociais.","breadcrumb":{"@id":"https:\/\/medialogue.com.br\/novosite\/politicodigital\/#breadcrumb"},"inLanguage":"pt-BR","potentialAction":[{"@type":"ReadAction","target":["https:\/\/medialogue.com.br\/novosite\/politicodigital\/"]}]},{"@type":"BreadcrumbList","@id":"https:\/\/medialogue.com.br\/novosite\/politicodigital\/#breadcrumb","itemListElement":[{"@type":"ListItem","position":1,"name":"In\u00edcio","item":"https:\/\/medialogue.com.br\/novosite\/"},{"@type":"ListItem","position":2,"name":"Pesquisa Medialogue Pol\u00edtico Digital"}]},{"@type":"WebSite","@id":"https:\/\/medialogue.com.br\/novosite\/#website","url":"https:\/\/medialogue.com.br\/novosite\/","name":"Medialogue","description":"Comunica\u00e7\u00e3o digital","publisher":{"@id":"https:\/\/medialogue.com.br\/novosite\/#organization"},"potentialAction":[{"@type":"SearchAction","target":{"@type":"EntryPoint","urlTemplate":"https:\/\/medialogue.com.br\/novosite\/?s={search_term_string}"},"query-input":{"@type":"PropertyValueSpecification","valueRequired":true,"valueName":"search_term_string"}}],"inLanguage":"pt-BR"},{"@type":"Organization","@id":"https:\/\/medialogue.com.br\/novosite\/#organization","name":"Medialogue","url":"https:\/\/medialogue.com.br\/novosite\/","logo":{"@type":"ImageObject","inLanguage":"pt-BR","@id":"https:\/\/medialogue.com.br\/novosite\/#\/schema\/logo\/image\/","url":"https:\/\/www.medialogue.com.br\/novosite\/wp-content\/uploads\/2015\/06\/medialogue_logo_fundopretoRGB_medio.jpg","contentUrl":"https:\/\/www.medialogue.com.br\/novosite\/wp-content\/uploads\/2015\/06\/medialogue_logo_fundopretoRGB_medio.jpg","width":450,"height":88,"caption":"Medialogue"},"image":{"@id":"https:\/\/medialogue.com.br\/novosite\/#\/schema\/logo\/image\/"},"sameAs":["http:\/\/www.facebook.com\/Medialogue","https:\/\/x.com\/Medialoguebr","http:\/\/www.linkedin.com\/company\/medialogue","https:\/\/www.youtube.com\/user\/Medialoguebr"]}]}},"wps_subtitle":"","_links":{"self":[{"href":"https:\/\/medialogue.com.br\/novosite\/wp-json\/wp\/v2\/pages\/4014","targetHints":{"allow":["GET"]}}],"collection":[{"href":"https:\/\/medialogue.com.br\/novosite\/wp-json\/wp\/v2\/pages"}],"about":[{"href":"https:\/\/medialogue.com.br\/novosite\/wp-json\/wp\/v2\/types\/page"}],"author":[{"embeddable":true,"href":"https:\/\/medialogue.com.br\/novosite\/wp-json\/wp\/v2\/users\/4"}],"replies":[{"embeddable":true,"href":"https:\/\/medialogue.com.br\/novosite\/wp-json\/wp\/v2\/comments?post=4014"}],"version-history":[{"count":0,"href":"https:\/\/medialogue.com.br\/novosite\/wp-json\/wp\/v2\/pages\/4014\/revisions"}],"wp:attachment":[{"href":"https:\/\/medialogue.com.br\/novosite\/wp-json\/wp\/v2\/media?parent=4014"}],"curies":[{"name":"wp","href":"https:\/\/api.w.org\/{rel}","templated":true}]}}